at is the billions digit of 2210573073?
2
What is the thousands digit of 51959466?
9
What is the thousands digit of 161601299?
1
What is the thousands digit of 176139499?
9
What is the ten millions digit of 44450128?
4
What is the ten thousands digit of 6147959405?
5
What is the millions digit of 144252770?
4
What is the hundred thousands digit of 24525853?
5
What is the millions digit of 398434366?
8
What is the hundreds digit of 43015963?
9
What is the thousands digit of 1875604119?
4
What is the billions digit of 1625509397?
1
What is the thousands digit of 105624879?
4
What is the billions digit of 1820406164?
1
What is the hundred thousands digit of 52851299?
8
What is the ten thousands digit of 22095246?
9
What is the ten millions digit of 22568224?
2
What is the ten millions digit of 118654383?
1
What is the millions digit of 25527878?
5
What is the hundred thousands digit of 66254300?
2
What is the ten thousands digit of 287523035?
2
What is the hundred thousands digit of 3624627?
6
What is the hundred thousands digit of 1454337229?
3
What is the ten thousands digit of 387482237?
8
What is the millions digit of 3196864346?
6
What is the millions digit of 323556277?
3
What is the units digit of 99855304?
4
What is the tens digit of 1127543762?
6
What is the ten millions digit of 516163183?
1
What is the units digit of 370684953?
3
What is the hundred millions digit of 4046537932?
0
What is the hundred thousands digit of 64528342?
5
What is the ten millions digit of 404695038?
0
What is the tens digit of 56936042?
4
What is the ten millions digit of 1693467184?
9
What is the units digit of 410813730?
0
What is the thousands digit of 69184333?
4
What is the hundred millions digit of 1091752948?
0
What is the thousands digit of 3337077?
7
What is the millions digit of 2576505776?
6
What is the millions digit of 26489458?
6
What is the hundreds digit of 3261043701?
7
What is the ten millions digit of 2581024559?
8
What is the hundreds digit of 190909326?
3
What is the hundred thousands digit of 619616010?
6
What is the ten thousands digit of 1226206274?
0
What is the ten thousands digit of 81503308?
0
What is the ten millions digit of 9457870574?
5
What is the ten millions digit of 10382520?
1
What is the hundreds digit of 124818715?
7
What is the units digit of 88008434?
4
What is the hundred millions digit of 374491945?
3
What is the units digit of 51892114?
4
What is the hundreds digit of 66978603?
6
What is the thousands digit of 20507053?
7
What is the hundreds digit of 36079455?
4
What is the billions digit of 1691138488?
1
What is the hundred millions digit of 337896719?
3
What is the tens digit of 354164367?
6
What is the tens digit of 81447811?
1
What is the units digit of 2329315924?
4
What is the ten thousands digit of 7834050?
3
What is the hundred thousands digit of 46710332?
7
What is the thousands digit of 149547752?
7
What is the tens digit of 99297826?
2
What is the hundreds digit of 367938568?
5
What is the thousands digit of 50289596?
9
What is the thousands digit of 759546643?
6
What is the hundred thousands digit of 85851788?
8
What is the billions digit of 1500661215?
1
What is the ten millions digit of 68040147?
6
What is the billions digit of 3257835193?
3
What is the ten millions digit of 278234379?
7
What is the ten millions digit of 53632671?
5
What is the millions digit of 149564689?
9
What is the tens digit of 186739885?
8
What is the units digit of 155354832?
2
What is the ten thousands digit of 625616347?
1
What is the hundred millions digit of 2626495951?
6
What is the ten thousands digit of 1080506060?
0
What is the millions digit of 1622319753?
2
What is the hundred thousands digit of 210197548?
1
What is the ten millions digit of 180931744?
8
What is the units digit of 321934016?
6
What is the ten thousands digit of 70807906?
0
What is the ten millions digit of 118218202?
1
What is the ten thousands digit of 26591395?
9
What is the millions digit of 804910637?
4
What is the millions digit of 482349588?
2
What is the thousands digit of 74116700?
6
What is the thousands digit of 24068498?
8
What is the hundred thousands digit of 797756391?
7
What is the ten thousands digit of 1119996292?
9
What is the ten millions digit of 193090723?
9
What is the hundred millions digit of 1589106031?
5
What is the hundred thousands digit of 2718233104?
2
What is the units digit of 56779730?
0
What is the ten millions digit of 40536605?
4
What is the tens digit of 5373001576?
7
What is the millions digit of 261351137?
1
What is the ten thousands digit of 35578399?
7
What is the tens digit of 1059887681?
8
What is the tens digit of 7221477981?
8
What is the units digit of 45134800?
0
What is the millions digit of 1255481606?
5
What is the ten thousands digit of 2667610715?
1
What is the millions digit of 206019806?
6
What is the millions digit of 1705256424?
5
What is the ten millions digit of 1347851995?
4
What is the hundred thousands digit of 81283573?
2
What is the tens digit of 1599078483?
8
What is the ten millions digit of 3568713313?
6
What is the hundred thousands digit of 550309999?
3
What is the tens digit of 199210218?
1
What is the ten thousands digit of 4781992?
8
What is the billions digit of 1157770874?
1
What is the hundreds digit of 221703032?
0
What is the millions digit of 696566500?
6
What is the thousands digit of 328351369?
1
What is the hundred thousands digit of 7536963058?
9
What is the hundred thousands digit of 75733118?
7
What is the ten millions digit of 226584860?
2
What is the hundred millions digit of 322906117?
3
What is the units digit of 358164993?
3
What is the ten millions digit of 106440831?
0
What is the hundreds digit of 32623390?
3
What is the ten millions digit of 293135088?
9
What is the hundreds digit of 2222827381?
3
What is the hundred thousands digit of 92269665?
2
What is the ten millions digit of 224534916?
2
What is the hundred thousands digit of 474490557?
4
What is the ten thousands digit of 1007231583?
3
What is the ten millions digit of 19643023?
1
What is the tens digit of 521456737?
3
What is the thousands digit of 20042787?
2
What is the tens digit of 467436818?
1
What is the ten thousands digit of 113377615?
7
What is the ten millions digit of 122412546?
2
What is the hundred thousands digit of 2413278071?
2
What is the hundreds digit of 4067193052?
0
What is the tens digit of 553178027?
2
What is the hundred millions digit of 427949705?
4
What is the millions digit of 734805448?
4
What is the thousands digit of 53991296?
1
What is the hundreds digit of 130892080?
0
What is the thousands digit of 97620202?
0
What is the ten thousands digit of 32138328?
3
What is the hundreds digit of 141998215?
2
What is the units digit of 351738561?
1
What is the thousands digit of 1853426940?
6
What is the ten millions digit of 525888370?
2
What is the units digit of 15171405?
5
What is the millions digit of 117792930?
7
What is the tens digit of 157469268?
6
What is the ten millions digit of 1810233085?
1
What is the tens digit of 5555377?
7
What is the ten thousands digit of 183104011?
0
What is the hundred millions digit of 154270704?
1
What is the tens digit of 95014334?
3
What is the hundred thousands digit of 803194?
8
What is the hundred thousands digit of 154709987?
7
What is the hundred thousands digit of 167041239?
0
What is the tens digit of 33712804?
0
What is the ten millions digit of 1062598481?
6
What is the ten thousands digit of 99748554?
4
What is the ten millions digit of 49321598?
4
What is the thousands digit of 31131016?
1
What is the hundred thousands digit of 208525410?
5
What is the hundreds digit of 1704818?
8
What is the ten millions digit of 784699099?
8
What is the hundred thousands digit of 3749580268?
5
What is the hundred millions digit of 419196689?
4
What is the ten thousands digit of 969938306?
3
What is the ten thousands digit of 237185001?
8
What is the ten thousands digit of 161010327?
1
What is the hundred millions digit of 2441629765?
4
What is the ten millions digit of 39305473?
3
What is the hundred thousands digit of 590351737?
3
What is the ten thousands digit of 230735586?
3
What is the thousands digit of 306472215?
2
What is the tho